{"id":2,"date":"2020-02-01T12:57:28","date_gmt":"2020-02-01T11:57:28","guid":{"rendered":"http:\/\/gestinot.es\/?page_id=2"},"modified":"2021-09-01T11:12:17","modified_gmt":"2021-09-01T10:12:17","slug":"sample-page","status":"publish","type":"page","link":"https:\/\/gestinot.com\/","title":{"rendered":"Gestinot"},"content":{"rendered":"\n<div class=\"wp-block-cover alignfull has-very-light-gray-background-color txuki\" style=\"min-height:100vh;aspect-ratio:unset;\"><img loading=\"lazy\" decoding=\"async\" width=\"1920\" height=\"1276\" class=\"wp-block-cover__image-background wp-image-289\" alt=\"\" src=\"https:\/\/gestinot.com\/wp-content\/uploads\/2021\/08\/bg-1.jpg\" style=\"object-position:75% 35%\" data-object-fit=\"cover\" data-object-position=\"75% 35%\" srcset=\"https:\/\/gestinot.com\/wp-content\/uploads\/2021\/08\/bg-1.jpg 1920w, https:\/\/gestinot.com\/wp-content\/uploads\/2021\/08\/bg-1-300x199.jpg 300w, https:\/\/gestinot.com\/wp-content\/uploads\/2021\/08\/bg-1-1024x681.jpg 1024w, https:\/\/gestinot.com\/wp-content\/uploads\/2021\/08\/bg-1-768x510.jpg 768w, https:\/\/gestinot.com\/wp-content\/uploads\/2021\/08\/bg-1-1536x1021.jpg 1536w\" sizes=\"auto, (max-width: 1920px) 100vw, 1920px\" \/><div class=\"wp-block-cover__inner-container is-layout-flow wp-block-cover-is-layout-flow\">\n<div class=\"wp-block-columns is-layout-flex wp-container-core-columns-is-layout-1 wp-block-columns-is-layout-flex\">\n<div class=\"wp-block-column is-layout-flow wp-block-column-is-layout-flow\" style=\"flex-basis:40%\">\n<p class=\"has-text-align-center has-large-font-size\"><\/p>\n<\/div>\n\n\n\n<div class=\"wp-block-column is-layout-flow wp-block-column-is-layout-flow\" style=\"flex-basis:50%\">\n<h1 class=\"has-text-align-left wp-block-heading\" style=\"font-size:46px\">GESTI\u00d3N DE<br>\u00cdNDICES NOTARIALES<\/h1>\n\n\n\n<div class=\"wp-block-image\"><figure class=\"alignleft size-full is-resized\"><img loading=\"lazy\" decoding=\"async\" src=\"https:\/\/gestinot.com\/wp-content\/uploads\/2021\/08\/dots.png\" alt=\"\" class=\"wp-image-244\" width=\"145\" height=\"30\"\/><\/figure><\/div>\n\n\n\n<p class=\"has-black-color has-text-color\" style=\"font-size:17px\">   <br><\/p>\n\n\n\n<p class=\"has-black-color has-text-color\" style=\"font-size:17px\"><br>La externalizaci\u00f3n del \u00edndice notarial es una realidad que responde a una necesidad cada vez m\u00e1s demandada por las notar\u00edas. De esa necesidad surge <strong>GESTINOT<\/strong>.<\/p>\n\n\n\n<h3 class=\"has-black-color has-text-color wp-block-heading\"><a href=\"https:\/\/gestinot.com\/index.php\/contacto\/\" data-type=\"page\" data-id=\"101\"><u>Inf\u00f3rmate sin compromiso<\/u><\/a> y descubre todo lo que podemos hacer por ti.<\/h3>\n<\/div>\n\n\n\n<div class=\"wp-block-column is-layout-flow wp-block-column-is-layout-flow\" style=\"flex-basis:4%\"><\/div>\n<\/div>\n<\/div><\/div>\n","protected":false},"excerpt":{"rendered":"","protected":false},"author":1,"featured_media":0,"parent":0,"menu_order":0,"comment_status":"closed","ping_status":"closed","template":"","meta":{"footnotes":""},"class_list":["post-2","page","type-page","status-publish","hentry"],"_links":{"self":[{"href":"https:\/\/gestinot.com\/index.php\/wp-json\/wp\/v2\/pages\/2","targetHints":{"allow":["GET"]}}],"collection":[{"href":"https:\/\/gestinot.com\/index.php\/wp-json\/wp\/v2\/pages"}],"about":[{"href":"https:\/\/gestinot.com\/index.php\/wp-json\/wp\/v2\/types\/page"}],"author":[{"embeddable":true,"href":"https:\/\/gestinot.com\/index.php\/wp-json\/wp\/v2\/users\/1"}],"replies":[{"embeddable":true,"href":"https:\/\/gestinot.com\/index.php\/wp-json\/wp\/v2\/comments?post=2"}],"version-history":[{"count":93,"href":"https:\/\/gestinot.com\/index.php\/wp-json\/wp\/v2\/pages\/2\/revisions"}],"predecessor-version":[{"id":328,"href":"https:\/\/gestinot.com\/index.php\/wp-json\/wp\/v2\/pages\/2\/revisions\/328"}],"wp:attachment":[{"href":"https:\/\/gestinot.com\/index.php\/wp-json\/wp\/v2\/media?parent=2"}],"curies":[{"name":"wp","href":"https:\/\/api.w.org\/{rel}","templated":true}]}}