{"id":295,"date":"2021-08-27T12:47:37","date_gmt":"2021-08-27T11:47:37","guid":{"rendered":"https:\/\/gestinot.com\/?page_id=295"},"modified":"2021-08-27T12:50:16","modified_gmt":"2021-08-27T11:50:16","slug":"cookies","status":"publish","type":"page","link":"https:\/\/gestinot.com\/index.php\/cookies\/","title":{"rendered":"Cookies"},"content":{"rendered":"\n<p>POL\u00cdTICA DE COOKIES DE GESTINOT.COM<\/p>\n\n\n\n<p>Para facilitar su navegaci\u00f3n por el sitio web, GESTINOT.COM utiliza COOKIES.<\/p>\n\n\n\n<p><strong>\u00bfQU\u00c9 ES UNA COOKIE?<\/strong><\/p>\n\n\n\n<p>Las COOKIES son peque\u00f1as cantidades de informaci\u00f3n que se almacenan en el dispositivo del usuario cuando visita una web. Su finalidad principal es recabar datos an\u00f3nimos estad\u00edsticos o personalizar la navegaci\u00f3n.<\/p>\n\n\n\n<p><strong>USO DE COOKIES POR PARTE DE GESTINOT.COM<\/strong><\/p>\n\n\n\n<p>Al navegar por la web, usted acepta de manera expresa la utilizaci\u00f3n de COOKIES.<\/p>\n\n\n\n<p>Si desactiva las COOKIES, puede que su navegaci\u00f3n por la web no sea \u00f3ptima y algunas utilidades no funcionen correctamente.<\/p>\n\n\n\n<p><strong>COOKIES T\u00c9CNICAS<\/strong><\/p>\n\n\n\n<p>Son las que permiten al usuario la navegaci\u00f3n por el sitio web.<\/p>\n\n\n\n<figure class=\"wp-block-table\"><table><tbody><tr><td><strong>COOKIES T\u00c9CNICAS<\/strong><\/td><\/tr><tr><td>Nombre<\/td><td>Funci\u00f3n<\/td><td>Duraci\u00f3n<\/td><\/tr><tr><td>COOKIES<\/td><td>Identifica la aceptaci\u00f3n de COOKIES<\/td><td>5 a\u00f1os<\/td><\/tr><tr><td>PHPSESSID<\/td><td>Identifica al usuario<\/td><td>1 hora<\/td><\/tr><\/tbody><\/table><\/figure>\n\n\n\n<p><strong>COOKIES DE GOOGLE ANALYTICS<\/strong><\/p>\n\n\n\n<p>GESTINOT.COM utiliza Google Analytics, servicio prestado por&nbsp;<a href=\"http:\/\/www.google.com\/\">Google, Inc.<\/a>, con fines estad\u00edsticos y de an\u00e1lisis.<\/p>\n\n\n\n<p>Google Analytics utiliza COOKIES con el prop\u00f3sito de analizar el uso que hacen los usuarios de la web. La informaci\u00f3n que genera la cookie (incluyendo su direcci\u00f3n IP) ser\u00e1 directamente transmitida y archivada por Google en sus servidores de Estados Unidos. Google tratar\u00e1 esta informaci\u00f3n con el prop\u00f3sito de seguir la traza de su uso de la web. Google podr\u00e1 transmitir dicha informaci\u00f3n a terceros cuando as\u00ed se lo requiera la ley, o cuando dichos terceros traten la informaci\u00f3n por cuenta de Google. Google no asociar\u00e1 su direcci\u00f3n IP con ning\u00fan otro dato del que disponga.<\/p>\n\n\n\n<figure class=\"wp-block-table\"><table><tbody><tr><td><strong>COOKIES DE GOOGLE<\/strong><\/td><\/tr><tr><td>Nombre<\/td><td>Funci\u00f3n<\/td><td>Duraci\u00f3n<\/td><\/tr><tr><td>_ga<\/td><td>Identifica al usuario<\/td><td>2 a\u00f1os<\/td><\/tr><tr><td>_gid<\/td><td>Identifica al usuario<\/td><td>24 horas<\/td><\/tr><tr><td>1P_JAR, APISID, CONSENT, HSID, NID, OGP, OTZ, SAPISID, SEARCH_SAMESITE, SID, SIDCC, SSID, __Secure-3PAPISID, __Secure-3PSID, __Secure-3PSIDCC, __Secure-APISID, __Secure-HSID, __Secure-SSID<\/td><td>COOKIES relativas a la protecci\u00f3n anti-bots instalada en el website (reCAPTCHA v3). Una de estas COOKIES pertenece al dominio gstatic.com (tambi\u00e9n de Google).<\/td><td>Variable: 1 mes, 6 meses, 2 a\u00f1os, 5 a\u00f1os, 20 a\u00f1os<\/td><\/tr><\/tbody><\/table><\/figure>\n\n\n\n<p>M\u00e1s info sobre las COOKIES de Google Analytics en&nbsp;<a href=\"http:\/\/www.google.com\/intl\/es\/analytics\/\">http:\/\/www.google.com\/intl\/es\/analytics\/<\/a>.<\/p>\n","protected":false},"excerpt":{"rendered":"<p>POL\u00cdTICA DE COOKIES DE GESTINOT.COM Para facilitar su navegaci\u00f3n por el sitio web, GESTINOT.COM utiliza COOKIES. \u00bfQU\u00c9 ES UNA COOKIE? Las COOKIES son peque\u00f1as cantidades de informaci\u00f3n que se almacenan &#8230;<\/p>\n","protected":false},"author":1,"featured_media":0,"parent":0,"menu_order":0,"comment_status":"closed","ping_status":"closed","template":"","meta":{"footnotes":""},"class_list":["post-295","page","type-page","status-publish","hentry"],"_links":{"self":[{"href":"https:\/\/gestinot.com\/index.php\/wp-json\/wp\/v2\/pages\/295","targetHints":{"allow":["GET"]}}],"collection":[{"href":"https:\/\/gestinot.com\/index.php\/wp-json\/wp\/v2\/pages"}],"about":[{"href":"https:\/\/gestinot.com\/index.php\/wp-json\/wp\/v2\/types\/page"}],"author":[{"embeddable":true,"href":"https:\/\/gestinot.com\/index.php\/wp-json\/wp\/v2\/users\/1"}],"replies":[{"embeddable":true,"href":"https:\/\/gestinot.com\/index.php\/wp-json\/wp\/v2\/comments?post=295"}],"version-history":[{"count":3,"href":"https:\/\/gestinot.com\/index.php\/wp-json\/wp\/v2\/pages\/295\/revisions"}],"predecessor-version":[{"id":299,"href":"https:\/\/gestinot.com\/index.php\/wp-json\/wp\/v2\/pages\/295\/revisions\/299"}],"wp:attachment":[{"href":"https:\/\/gestinot.com\/index.php\/wp-json\/wp\/v2\/media?parent=295"}],"curies":[{"name":"wp","href":"https:\/\/api.w.org\/{rel}","templated":true}]}}